True
Is 202043687 a prime number?
True
Is 1281104417 prime?
True
Is 14067077 a composite number?
True
Is 21566593 a composite number?
False
Is 67343483 composite?
False
Is 38081341 prime?
False
Is 802387 a composite number?
False
Is 1666979 prime?
False
Is 44646137 composite?
True
Is 8836439 a composite number?
True
Is 112525447 prime?
True
Is 1884761 composite?
True
Is 37915777 composite?
False
Is 592639 a composite number?
False
Is 132714349 a prime number?
False
Is 9235309 a prime number?
True
Is 1792979 a composite number?
False
Is 9332131 a prime number?
True
Is 4994941 a prime number?
False
Is 17596441 prime?
True
Is 2692349 composite?
True
Is 1772587 a composite number?
True
Is 1791679 a composite number?
False
Is 13579303 a prime number?
False
Is 148369903 prime?
False
Is 160990229 a composite number?
True
Is 213737 composite?
False
Is 124379317 a composite number?
True
Is 19644479 a composite number?
False
Is 18293057 composite?
False
Is 14282651 prime?
False
Is 38354233 prime?
False
Is 28526594 a prime number?
False
Is 35017522 a composite number?
True
Is 24646819 a prime number?
False
Is 114821661 prime?
False
Is 132925003 composite?
False
Is 8699707 composite?
True
Is 2067511 prime?
True
Is 963457 a prime number?
False
Is 458849 a composite number?
False
Is 140369461 composite?
True
Is 23438143 a prime number?
False
Is 391844451 a composite number?
True
Is 5282887 a composite number?
False
Is 51904439 a composite number?
False
Is 590423159 a composite number?
False
Is 1066498 a prime number?
False
Is 105345217 composite?
True
Is 7562021 prime?
True
Is 56987207 a composite number?
True
Is 375593 a prime number?
True
Is 827461 prime?
True
Is 31247427 prime?
False
Is 50680453 prime?
True
Is 3829271 composite?
False
Is 74212179 a prime number?
False
Is 170041 a composite number?
True
Is 2909713 a prime number?
False
Is 28914901 composite?
False
Is 9045809 composite?
False
Is 3693559 a prime number?
False
Is 564323 a prime number?
True
Is 199225351 prime?
False
Is 14858617 a composite number?
False
Is 196731862 a composite number?
True
Is 207535403 a composite number?
False
Is 2349679 composite?
False
Is 5945687 a composite number?
True
Is 28817917 a composite number?
False
Is 60891133 a composite number?
False
Is 521599 a prime number?
False
Is 4777538 composite?
True
Is 3882959 prime?
True
Is 725061 a composite number?
True
Is 148257739 a prime number?
False
Is 4100167 a composite number?
False
Is 494407 prime?
True
Is 363877 composite?
True
Is 211787483 composite?
False
Is 920107 prime?
True
Is 2816017 prime?
True
Is 61155862 composite?
True
Is 44247955 a prime number?
False
Is 6494443 composite?
False
Is 1676239 composite?
True
Is 2732269 a composite number?
False
Is 1684861 composite?
False
Is 142941787 a composite number?
False
Is 1533937 prime?
True
Is 1615378 prime?
False
Is 358994791 composite?
False
Is 143673119 composite?
False
Is 618223 composite?
True
Is 435307 prime?
True
Is 70964561 a prime number?
True
Is 567007 a composite number?
True
Is 3052723 a composite number?
True
Is 3437297 prime?
True
Is 3082367 a prime number?
True
Is 20072483 composite?
False
Is 802841 composite?
True
Is 6672661 composite?
False
Is 155921 prime?
True
Is 112365977 composite?
True
Is 65895239 prime?
False
Is 85452919 a prime number?
True
Is 63825283 prime?
False
Is 37635839 prime?
True
Is 384232829 prime?
False
Is 8057663 prime?
True
Is 115064401 a prime number?
True
Is 34531593 composite?
True
Is 45787627 a composite number?
False
Is 3453595 prime?
False
Is 48784781 a composite number?
True
Is 13266467 a prime number?
True
Is 65477 a prime number?
False
Is 266065741 a composite number?
False
Is 1588391 a prime number?
False
Is 159214339 prime?
True
Is 226871 a prime number?
True
Is 15805941 prime?
False
Is 1191511 composite?
True
Is 449563 a prime number?
True
Is 317919947 composite?
True
Is 41803199 a composite number?
True
Is 61007785 composite?
True
Is 611873 a prime number?
True
Is 1898389 composite?
False
Is 108267485 composite?
True
Is 4374229 prime?
False
Is 589233893 a composite number?
True
Is 7194563 a composite number?
False
Is 579017779 a prime number?
True
Is 987739 a composite number?
False
Is 1715033 prime?
True
Is 564337229 a composite number?
False
Is 328934711 prime?
False
Is 333096629 composite?
False
Is 2100221 a composite number?
False
Is 827438147 a prime number?
False
Is 58431271 composite?
True
Is 73582237 composite?
True
Is 12144859 composite?
False
Is 93667157 composite?
False
Is 7420373 a composite number?
True
Is 63922531 composite?
True
Is 164510089 a prime number?
True
Is 10930573 a composite number?
False
Is 57349217 composite?
False
Is 19131907 prime?
False
Is 877089709 prime?
True
Is 641301373 composite?
True
Is 21140023 a composite number?
True
Is 84033013 composite?
False
Is 556159 a prime number?
True
Is 79993187 prime?
True
Is 9851326 a prime number?
False
Is 11850761 a composite number?
True
Is 2374199 a prime number?
True
Is 11819491 a composite number?
False
Is 26639473 composite?
True
Is 1210369 prime?
True
Is 11597777 composite?
False
Is 63823 composite?
False
Is 4562851 prime?
False
Is 1341007 a composite number?
False
Is 491473 prime?
False
Is 36363377 a composite number?
False
Is 7972009 composite?
False
Is 913731517 prime?
True
Is 67769543 composite?
False
Is 3664263 prime?
False
Is 77681761 a composite number?
True
Is 48160883 prime?
True
Is 10228567 composite?
False
Is 194767 a composite number?
False
Is 23385613 prime?
False
Is 29806415 a prime number?
False
Is 14980793 a prime number?
False
Is 334978619 a composite number?
False
Is 10413889 a prime number?
False
Is 25140639 a prime number?
False
Is 22376407 prime?
False
Is 1681219 prime?
True
Is 13349977 a prime number?
False
Is 4405939 a composite number?
True
Is 492462287 prime?
False
Is 226847 a prime number?
False
Is 553797409 a prime number?
False
Is 5580721 a composite number?
False
Is 1596747 composite?
True
Is 193523021 a prime number?
True
Is 564241471 a prime number?
True
Is 4340671 a prime number?
False
Is 516851 composite?
True
Is 48680319 a composite number?
True
Is 16397363 a prime number?
True
Is 2283067 a composite number?
False
Is 616349 a composite number?
True
Is 10168409 composite?
True
Is 144196043 prime?
True
Is 3524801 a composite number?
True
Is 3475723 a composite number?
True
Is 15178679 a prime number?
False
Is 4515083 composite?
False
Is 367097 a composite number?
False
Is 1077821 composite?
False
Is 7353271 composite?
False
Is 861923 prime?
False
Is 495377459 composite?
False
Is 27199691 composite?
False
Is 71098351 composite?
False
Is 5159501 prime?
False
Is 2648629 composite?
False
Is 4267261 a prime number?
True
Is 432049 composite?
True
Is 770167 a composite number?
False
Is 759277 prime?
False
Is 77545751 a prime number?
True
Is 4294261 composite?
True
Is 8697641 composite?
False
Is 35984203 a composite number?
False
Is 42420113 a prime number?
False
Is 23896487 prime?
False
Is 6261211 prime?
False
Is 3679877 a prime number?
True
Is 884617 prime?
True
Is 2191873 a prime number?
True
Is 29215871 a composite number?
False
Is 10672121 composite?
False
Is 56837639 a composite number?
True
Is 3524699 composite?
False
Is 86681951 composite?
True
Is 228922747 a prime number?
True
Is 138860423 a composite number?
True
Is 16117471 a composite number?
True
Is 215311 prime?
False
Is 38627317 a composite number?
False
Is 79065982 composite?
True
Is 24207709 a composite number?
False
Is 12973699 a prime number?
True
Is 6574867 a composite number?
True
Is 2966507 a composite number?
False
Is 37259549 composite?
False
Is 384327565 a composite number?
True
Is 137283437 composite?
False
Is 47422367 composite?
True
Is 126094703 composite?
True
Is 10435279 composite?
True
Is 84580169 composite?
False
Is 3336593 composite?
True
Is 7454717 a prime number?
False
Is 669621 composite?
True
Is 180591683 a composite number?
False
Is 69281617 a composite number?
False
Is 1577951 composite?
True
Is 30497359 composite?
True
Is 21547783 prime?
False
Is 3244837 composite?
False
Is 6310959 prime?
False
Is 26622359 a prime number?
True
Is 45250313 prime?
False
Is 947990451 a composite number?
True
Is 7178351 a prime number?
True
Is 666222